4630?
3
What is the hundreds digit of 1262?
2
What is the units digit of 61?
1
What is the tens digit of 7571?
7
What is the ten thousands digit of 47348?
4
What is the hundreds digit of 25797?
7
What is the tens digit of 1255?
5
What is the ten thousands digit of 11445?
1
What is the hundreds digit of 537?
5
What is the tens digit of 4455?
5
What is the tens digit of 2869?
6
What is the tens digit of 4111?
1
What is the hundreds digit of 2704?
7
What is the units digit of 28223?
3
What is the hundreds digit of 119?
1
What is the units digit of 342?
2
What is the thousands digit of 2902?
2
What is the hundreds digit of 6693?
6
What is the hundreds digit of 28871?
8
What is the hundreds digit of 712?
7
What is the hundreds digit of 130187?
1
What is the tens digit of 28226?
2
What is the tens digit of 366?
6
What is the thousands digit of 2085?
2
What is the thousands digit of 1337?
1
What is the ten thousands digit of 43670?
4
What is the thousands digit of 12075?
2
What is the units digit of 95232?
2
What is the thousands digit of 4679?
4
What is the units digit of 449?
9
What is the hundreds digit of 46630?
6
What is the hundreds digit of 11847?
8
What is the ten thousands digit of 29381?
2
What is the tens digit of 1933?
3
What is the thousands digit of 6125?
6
What is the tens digit of 6230?
3
What is the units digit of 3416?
6
What is the tens digit of 1069?
6
What is the hundreds digit of 70914?
9
What is the units digit of 5064?
4
What is the thousands digit of 52707?
2
What is the units digit of 175?
5
What is the tens digit of 128745?
4
What is the hundreds digit of 25046?
0
What is the hundreds digit of 1284?
2
What is the thousands digit of 10101?
0
What is the hundreds digit of 6842?
8
What is the units digit of 861?
1
What is the units digit of 22800?
0
What is the tens digit of 1719?
1
What is the thousands digit of 31949?
1
What is the thousands digit of 2297?
2
What is the hundreds digit of 1591?
5
What is the tens digit of 9781?
8
What is the hundreds digit of 29827?
8
What is the hundred thousands digit of 186056?
1
What is the hundreds digit of 6549?
5
What is the tens digit of 858?
5
What is the hundreds digit of 2655?
6
What is the thousands digit of 78307?
8
What is the units digit of 2774?
4
What is the units digit of 1915?
5
What is the tens digit of 5076?
7
What is the units digit of 81291?
1
What is the units digit of 15?
5
What is the tens digit of 30662?
6
What is the units digit of 13200?
0
What is the tens digit of 78505?
0
What is the units digit of 62969?
9
What is the thousands digit of 11971?
1
What is the units digit of 2142?
2
What is the tens digit of 9300?
0
What is the units digit of 80?
0
What is the tens digit of 16929?
2
What is the hundreds digit of 1145?
1
What is the tens digit of 2334?
3
What is the thousands digit of 1815?
1
What is the hundreds digit of 3711?
7
What is the thousands digit of 1212?
1
What is the units digit of 3264?
4
What is the units digit of 4446?
6
What is the units digit of 1087?
7
What is the units digit of 106719?
9
What is the hundreds digit of 19535?
5
What is the units digit of 782?
2
What is the units digit of 118208?
8
What is the hundreds digit of 4885?
8
What is the tens digit of 920?
2
What is the units digit of 73674?
4
What is the tens digit of 673?
7
What is the thousands digit of 101160?
1
What is the hundreds digit of 825?
8
What is the hundreds digit of 2170?
1
What is the thousands digit of 3180?
3
What is the ten thousands digit of 51502?
5
What is the units digit of 1160?
0
What is the tens digit of 1599?
9
What is the tens digit of 448?
4
What is the units digit of 82835?
5
What is the thousands digit of 1515?
1
What is the thousands digit of 7209?
7
What is the units digit of 601?
1
What is the units digit of 1336?
6
What is the units digit of 3254?
4
What is the thousands digit of 6203?
6
What is the thousands digit of 4783?
4
What is the ten thousands digit of 23973?
2
What is the ten thousands digit of 14231?
1
What is the thousands digit of 5006?
5
What is the units digit of 3432?
2
What is the tens digit of 16377?
7
What is the thousands digit of 1401?
1
What is the units digit of 90319?
9
What is the thousands digit of 2607?
2
What is the hundreds digit of 246?
2
What is the units digit of 13403?
3
What is the hundreds digit of 322?
3
What is the ten thousands digit of 10988?
1
What is the tens digit of 77587?
8
What is the tens digit of 66148?
4
What is the thousands digit of 15189?
5
What is the thousands digit of 43483?
3
What is the hundreds digit of 5826?
8
What is the hundreds digit of 5973?
9
What is the thousands digit of 49352?
9
What is the thousands digit of 3003?
3
What is the ten thousands digit of 33844?
3
What is the hundreds digit of 6104?
1
What is the units digit of 22362?
2
What is the tens digit of 1034?
3
What is the tens digit of 780?
8
What is the thousands digit of 33242?
3
What is the units digit of 97872?
2
What is the thousands digit of 1133?
1
What is the thousands digit of 1802?
1
What is the units digit of 9255?
5
What is the tens digit of 1035?
3
What is the hundreds digit of 67280?
2
What is the units digit of 1355?
5
What is the ten thousands digit of 104787?
0
What is the hundreds digit of 867?
8
What is the tens digit of 65857?
5
What is the units digit of 622?
2
What is the ten thousands digit of 65418?
6
What is the hundreds digit of 124201?
2
What is the units digit of 98246?
6
What is the units digit of 81379?
9
What is the units digit of 60012?
2
What is the units digit of 1410?
0
What is the tens digit of 888?
8
What is the units digit of 55?
5
What is the tens digit of 16933?
3
What is the tens digit of 39337?
3
What is the units digit of 31567?
7
What is the hundreds digit of 1848?
8
What is the units digit of 32891?
1
What is the thousands digit of 13945?
3
What is the units digit of 61728?
8
What is the ten thousands digit of 59496?
5
What is the thousands digit of 1617?
1
What is the thousands digit of 7252?
7
What is the units digit of 3528?
8
What is the ten thousands digit of 10548?
1
What is the hundreds digit of 1151?
1
What is the units digit of 2837?
7
What is the thousands digit of 9369?
9
What is the thousands digit of 4662?
4
What is the units digit of 121717?
7
What is the ten thousands digit of 11652?
1
What is the hundreds digit of 485?
4
What is the units digit of 2489?
9
What is the tens digit of 91?
9
What is the hundreds digit of 9142?
1
What is the thousands digit of 2907?
2
What is the thousands digit of 1315?
1
What is the ten thousands digit of 34307?
3
What is the hundreds digit of 12650?
6
What is the tens digit of 409?
0
What is the hundreds digit of 115?
1
What is the thousands digit of 73313?
3
What is the thousands digit of 1150?
1
What is the units digit of 36778?
8
What is the tens digit of 624?
2
What is the thousands digit of 3052?
3
What is the ten thousands digit of 47966?
4
What is the thousands digit of 2231?
2
What is the ten thousands digit of 60276?
6
What is the units digit of 55609?
9
What is the tens digit of 9655?
5
What is the tens digit of 2327?
2
What is the tens digit of 397?
9
What is the hundreds digit of 584?
5
What is the tens digit of 53816?
1
What is the tens digit of 81?
8
What is the tens digit of 45712?
1
What is the units digit of 1432?
2
What is the ten thousands digit of 15218?
1
What is the tens digit of 234?
3
What is the units digit of 1591?
1
What is the thousands digit of 33614?
3
What is the hundreds digit of 7117?
1
What is the tens digit of 16317?
1
What is the tens digit of 833?
3
What is the thousands digit of 2951?
2
What is the hundreds digit of 14818?
8
What is the tens digit of 82?
8
What is the units digit of 19497?
7
What is the tens digit of 1438?
3
What is the tens digit of 306?
0
What is the tens digit of 3634?
3
What is the hundreds digit of 33610?
6
What is the thousands digit of 1048?
1
What is the thousands digit of 21566?
1
What is the tens digit of 3391?
9
What is the units digit of 1042?
2
What is the units digit of 7369?
9
What is the units digit of 15799?
9
What is the tens digit of 2833?
3
What is the tens digit of 12306?
0
What is the units digit of 8631?
1
What is the ten thousands digit of 16263?
1
What is the 